066?
2, 3, 197, 26863
What are the prime factors of 5252447967?
3, 13, 41, 3284833
List the prime factors of 82380559.
3701, 22259
What are the prime factors of 347802350?
2, 5, 7, 47, 21143
List the prime factors of 1455065311.
7, 149, 1395077
What are the prime factors of 3846787714?
2, 7, 11, 67, 33893
List the prime factors of 2500595302.
2, 191, 6546061
List the prime factors of 45269911.
23, 1968257
What are the prime factors of 48045276?
2, 3, 41, 43, 757
What are the prime factors of 6341656277?
11, 19, 30342853
What are the prime factors of 108671845?
5, 29, 749461
List the prime factors of 459594272.
2, 67, 214363
List the prime factors of 702919862.
2, 83, 1327, 3191
List the prime factors of 75478613.
7, 101, 106759
List the prime factors of 2410635057.
3, 41, 19598659
What are the prime factors of 14122577?
7, 31, 151, 431
List the prime factors of 34099258.
2, 43, 9221
List the prime factors of 2746344512.
2, 19, 151, 14957
List the prime factors of 184342177.
37, 4982221
What are the prime factors of 947705974?
2, 473852987
What are the prime factors of 1246086472?
2, 2801, 55609
List the prime factors of 2158859009.
2158859009
List the prime factors of 915046152.
2, 3, 241, 281, 563
List the prime factors of 3421197251.
29, 4068011
List the prime factors of 2652763019.
7559, 350941
List the prime factors of 1285281681.
3, 19237, 22271
What are the prime factors of 7075144376?
2, 13327, 66361
What are the prime factors of 2755249099?
2755249099
What are the prime factors of 836289316?
2, 107, 389, 5023
List the prime factors of 42590616.
2, 3, 1774609
What are the prime factors of 213422508?
2, 3, 13, 73, 6247
List the prime factors of 357259773.
3, 13, 41, 373, 599
What are the prime factors of 3183212378?
2, 1591606189
What are the prime factors of 14682937?
14682937
What are the prime factors of 22777326?
2, 3, 11, 13, 8849
List the prime factors of 39184657.
1619, 24203
List the prime factors of 737186810.
2, 5, 17, 4336393
List the prime factors of 5692822069.
11, 23, 22501273
List the prime factors of 458143423.
683, 670781
What are the prime factors of 37911637?
229, 165553
List the prime factors of 117108567.
3, 113, 115151
List the prime factors of 259089219.
3, 29, 241, 1373
What are the prime factors of 4211510251?
13, 3581, 6959
What are the prime factors of 6010009672?
2, 751251209
What are the prime factors of 119314919?
119314919
What are the prime factors of 73089834?
2, 3, 17, 61, 691
List the prime factors of 84816306.
2, 3, 683, 6899
What are the prime factors of 61204019?
61204019
List the prime factors of 103172501.
103172501
List the prime factors of 258280214.
2, 129140107
What are the prime factors of 49088849?
41, 1197289
What are the prime factors of 34828204?
2, 499, 17449
List the prime factors of 926352003.
3, 337, 916273
List the prime factors of 2107100185.
5, 163, 2585399
What are the prime factors of 349302113?
199, 1755287
What are the prime factors of 60517866?
2, 3, 37, 272603
List the prime factors of 1023520019.
251, 401, 10169
What are the prime factors of 73894447?
11, 2383, 2819
List the prime factors of 774564734.
2, 37, 487, 21493
List the prime factors of 478015876.
2, 13, 37, 59, 4211
List the prime factors of 274569893.
13, 19, 59, 83, 227
What are the prime factors of 110224648?
2, 23, 67, 8941
What are the prime factors of 457897854?
2, 3, 487, 156707
What are the prime factors of 1446768583?
13, 43, 863, 2999
List the prime factors of 1087023497.
7, 19, 1167587
What are the prime factors of 200001935?
5, 7, 643, 8887
What are the prime factors of 119765360?
2, 5, 11, 13, 19, 29
What are the prime factors of 45473019?
3, 593, 25561
List the prime factors of 402491156.
2, 59, 421, 4051
What are the prime factors of 7951408901?
1451, 5479951
List the prime factors of 201536701.
103, 1956667
List the prime factors of 4028467135.
5, 7, 11, 17, 23, 3823
List the prime factors of 31839696.
2, 3, 7, 10529
List the prime factors of 1898925111.
3, 113, 1867183
List the prime factors of 606530600.
2, 5, 13, 263, 887
List the prime factors of 110884583.
2053, 54011
What are the prime factors of 2935308201?
3, 7, 127, 157229
What are the prime factors of 367347647?
281, 677, 1931
List the prime factors of 1080842127.
3, 47, 7665547
List the prime factors of 3341040069.
3, 1113680023
What are the prime factors of 60067567?
7, 179, 47939
What are the prime factors of 1314562542?
2, 3, 219093757
What are the prime factors of 74786560?
2, 5, 58427
List the prime factors of 284386194.
2, 3, 419, 12569
List the prime factors of 93865758.
2, 3, 7, 2234899
What are the prime factors of 742904979?
3, 2467, 100379
What are the prime factors of 952878177?
3, 19, 677, 8231
What are the prime factors of 199307523?
3, 66435841
List the prime factors of 152612096.
2, 7, 13, 6551
What are the prime factors of 126678303?
3, 4691789
What are the prime factors of 93135541?
181, 514561
List the prime factors of 74820892.
2, 61, 306643
List the prime factors of 68052902.
2, 439, 77509
List the prime factors of 481874.
2, 479, 503
List the prime factors of 89470156.
2, 4397, 5087
List the prime factors of 157584238.
2, 7, 41, 281, 977
What are the prime factors of 17497498?
2, 29, 301681
What are the prime factors of 2206103150?
2, 5, 421, 104803
List the prime factors of 1550144722.
2, 7, 110724623
What are the prime factors of 32372340?
2, 3, 5, 7, 11, 13
List the prime factors of 548300494.
2, 7, 5594903
List the prime factors of 667296974.
2, 333648487
List the prime factors of 115246246.
2, 7193, 8011
What are the prime factors of 272821233?
3, 90940411
List the prime factors of 51902064.
2, 3, 41, 59, 149
What are the prime factors of 1732032325?
5, 69281293
What are the prime factors of 442094656?
2, 17, 347, 1171
What are the prime factors of 376222515?
3, 5, 19, 643, 2053
List the prime factors of 326054293.
326054293
List the prime factors of 15460825.
5, 83, 7451
What are the prime factors of 82300098?
2, 3, 593, 23131
List the prime factors of 3023362178.
2, 17, 271, 328127
List the prime factors of 26915836.
2, 317, 21227
What are the prime factors of 45661219?
37, 661, 1867
What are the prime factors of 245296766?
2, 11, 13, 103, 757
What are the prime factors of 478063157?
11, 13, 41, 67, 1217
What are the prime factors of 297733182?
2, 3, 49622197
List the prime factors of 325451354.
2, 1117, 145681
List the prime factors of 409255614.
2, 3, 31, 733433
What are the prime factors of 142025186?
2, 5009, 14177
What are the prime factors of 100031393?
7, 11, 23, 8069
What are the prime factors of 699251470?
2, 5, 69925147
What are the prime factors of 1896764680?
2, 5, 19, 373, 6691
What are the prime factors of 3056919532?
2, 17, 44954699
List the prime factors of 7149115.
5, 439, 3257
List the prime factors of 245516391.
3, 47, 580417
What are the prime factors of 405882586?
2, 53, 3829081
What are the prime factors of 32356170?
2, 3, 5, 7, 11, 23, 29
What are the prime factors of 491485273?
827, 594299
List the prime factors of 5853220153.
11, 47, 11321509
List the prime factors of 134389525.
5, 5375581
List the prime factors of 387019796.
2, 96754949
List the prime factors of 428863732.
2, 11, 9746903
List the prime factors of 3773957317.
13, 290304409
What are the prime factors of 188234710?
2, 5, 17, 19, 101, 577
What are the prime factors of 2242523780?
2, 5, 7, 16018027
What are the prime factors of 57011800?
2, 5, 197, 1447
What are the prime factors of 893800431?
3, 211, 470669
List the prime factors of 5068089609.
3, 11, 153578473
What are the prime factors of 502209236?
2, 125552309
What are the prime factors of 164823663?
3, 54941221
What are the prime factors of 2739042408?
2, 3, 1277, 89371
List the prime factors of 131304602.
2, 11, 13, 41737
What are the prime factors of 77603000?
2, 5, 71, 1093
List the prime factors of 1115436251.
29, 53, 725723
List the prime factors of 3496995007.
11, 61, 109, 137, 349
List the prime factors of 444168014.
2, 222084007
What are the prime factors of 152447416?
2, 11, 103, 139
List the prime factors of 327062659.
7, 11, 4247567
What are the prime factors of 6466336758?
2, 3, 7, 5702237
What are the prime factors of 192305595?
3, 5, 12820373
What a